e -3*c - v = 8, 0 = 3*c - v - 5 + 21. What is g(c)?
2
Let b(n) = -9*n**3 + n**2 - 2*n + 1. Let x be 4/(-30) - 17/(-15). Calculate b(x).
-9
Let f(h) = 2*h - 2. Let s = -9 + 11. Let v(a) = -a - 2. Let b be v(-5). Let p be (3/s)/(b/6). What is f(p)?
4
Let p(d) = -d. Suppose 6 = f + f. Calculate p(f).
-3
Let t(v) be the third derivative of v**4/24 - 23*v**3/6 - v**2 - 48. Give t(0).
-23
Let r(p) = p**3 + p**2 + 2*p - 4. Let x(g) = g**2 - g + 1. Suppose 0 = -k + 2 - 0. Let c = k - 1. Let m(b) = c*r(b) + 2*x(b). Give m(-3).
-2
Suppose -3*t + 0*t = 0. Suppose -2*c - 1 + 6 = -3*k, t = 2*c - 4*k - 6. Let n(v) = 4*v**3 + 3*v**3 + v**3 - v**2. Give n(c).
7
Let z be 4/2 + (-1)/(-1). Let h(r) = 3*r**2 + 4*r - 16. Let q(u) = 0*u + u**2 - 2*u - 5 + 3*u. Let x(g) = 2*h(g) - 7*q(g). Determine x(z).
-3
Let s(p) = 3*p**2 + 6*p - p**3 + 0 - 1 - 7*p**2. Let o be ((-10)/(-4))/((-1)/2). What is s(o)?
-6
Suppose -4*d - 12 - 12 = 0. Let m(x) = 5*x - 12. Let g(q) be the first derivative of 3*q**2/2 - 6*q + 1. Let l(r) = -7*g(r) + 4*m(r). Give l(d).
0
Let b = -5 - -2. Let a(v) = -5*v + 8. Let y(f) = -4*f + 7. Let u(r) = 6*a(r) - 7*y(r). Calculate u(b).
5
Let z(q) = 6*q**2 - q. Suppose -3*p + 5*m - 16 = -2*p, 5*p + 5*m = 10. What is z(p)?
7
Let x(w) be the first derivative of -w**2 + w + 27. What is x(1)?
-1
Let w(k) = 12*k**3 - 2*k + 1. Let f be w(1). Suppose -f = -2*q - 3. Suppose 0 = -z + 2*z + q. Let x(s) = 2*s + 4. Give x(z).
-4
Let s(g) be the first derivative of g**4/2 + g**3/3 + g**2/2 - g + 1. Suppose -4 = -4*x - 2*a, -4*a = -3*x + 4*x - 1. What is s(x)?
3
Let p = -40 - -61. Suppose -p = -t - 2*t. Let y = 9 - t. Let x(a) = -3*a + 1. Determine x(y).
-5
Let y be 20/6*18/(-15). Let b(k) be the second derivative of k - 1/3*k**4 + k**2 + 1/3*k**3 + 0 - 1/20*k**5. Determine b(y).
-6
Let v(j) = -4*j - 1. Let c(n) = 5*n + 1. Let h(a) = 3*c(a) + 4*v(a). Suppose 2*g - 11 = -2*d - 3, -5*g = -10. Suppose -2*s = 4 - d. Calculate h(s).
0
Let m(w) be the first derivative of 2*w**2 - w - 2. Suppose -5*x + 4*x = -12. Suppose -3*h = 3*n - 21, h - x = -4*n + 1. Give m(n).
7
Let q be ((-15)/(-9) + -2)*-15. Let s = q + -3. Let d(c) = c + 2 - s. Calculate d(-5).
-5
Let k(n) be the first derivative of n**2/2 - n - 1. Suppose 10 = -2*i + 3*i. Suppose 3*f + 2 = -i. Calculate k(f).
-5
Let m = 4 - -2. Let d(a) = -a**3 + 5*a**2 + 7*a - 5. Determine d(m).
1
Suppose q = -2 + 8. Let u(x) = -2*x**2 + 9*x - 3. Determine u(q).
-21
Let a = -8 - -11. Let m(v) = -a - 3 + v + 4 + 3*v - 2*v**2. Determine m(2).
-2
Let y = -4 + 4. Let d(b) = b + 5. Let c(q) = q + 4. Let t(i) = -5*c(i) + 4*d(i). Determine t(y).
0
Let i(y) = y**2 - 11*y + 6. Let w be i(11). Let x(d) = d + 3*d - 1 + w*d**2 - 4*d. Determine x(1).
5
Suppose 0 = -5*d - 4*b - 51, b = 2*d - b + 6. Let y(m) = m + 6. Calculate y(d).
-1
Let w = -13 + 15. Let n(m) = -m**3 + m**2 - m + 1. What is n(w)?
-5
Let y(w) = -w**3 - 5*w**2 + w + 1. Suppose 0 = a - 5, -a - 4 = -4*i - 1. Let q be (-3 - (-11)/i)*-2. Give y(q).
-4
Let m(a) = -a**3 - 5*a**2 - 4*a - 4. Let q be 41/(-10) + 15/150. Determine m(q).
-4
Let p(t) be the first derivative of t**3/3 + t**2 + 4*t + 9. What is p(-3)?
7
Let w(l) = -1 - 10*l - 8*l + 20*l. Suppose -2*p - 5*b = 19, 4 + 6 = p - 4*b. Give w(p).
-5
Let t(p) = p - 14. Let c be t(8). Let w(n) = n**2 + 8*n + 6. Give w(c).
-6
Let v(d) = -d**2 - 4*d + 1. Suppose 12 = 2*r + 2*r. Suppose -r*s + s - 10 = 0. Let y be (s/4)/((-2)/(-8)). Calculate v(y).
-4
Let u(j) be the third derivative of j**6/15 - 7*j**5/20 - 2*j**3 + 7*j**2. Let w(q) = -3*q**3 + 7*q**2 + 4. Let z(y) = 4*u(y) + 11*w(y). What is z(-7)?
-4
Let v(s) = s**3 + s**2 + 1. Let z(r) = -3*r**3 - 9*r**2 + 2. Let i(k) = 4*v(k) + z(k). Give i(5).
6
Let l(y) = -8*y**2 + 7*y + 1. Let h(p) = 23*p**2 - 20*p - 3. Let x(s) = -6*h(s) - 17*l(s). Give x(2).
-5
Let x(h) = h**2 + h - 10. Suppose -2 + 2 = 14*p. Give x(p).
-10
Let d(b) = -b + 24. Let y be d(15). Let u(j) = j**3 - 9*j**2 + 2*j - 13. What is u(y)?
5
Let c be 6 - (0 - -2 - 0). Let n(g) be the first derivative of -3/2*g**2 - g**3 + 1/4*g**4 - 5*g + 2. What is n(c)?
-1
Let p(m) be the second derivative of m**5/20 - m**4/12 + m**3/6 - m**2/2 + 4*m. Let q(h) = -7*h**3 + 3*h**2 - 7*h + 10. Let l(a) = 6*p(a) + q(a). What is l(-3)?
7
Let t(r) = -r**3 + r**2 + 3*r - 3. Suppose 8*p - 11*p + 6 = 0. Give t(p).
-1
Let g be (-3)/12 + (-13)/(-4). Suppose g*j = -2*j - 10. Let z = j - -7. Let k(w) = -w**2 + 5*w - 5. Calculate k(z).
-5
Suppose d = -d. Let h(u) = -3*u**2 + 2*u**2 - u**3 - 5 + 3. What is h(d)?
-2
Let d(a) = 5*a**2 - 42*a - 4 + 2*a**2 - 6*a**2 + 44*a. Let b = -4 - -7. Determine d(b).
11
Let k(v) = -6*v**2 - 3 - 2*v**3 + 1 - 3*v**3 + 4*v**3 - 4*v. Determine k(-5).
-7
Let g(k) be the third derivative of -k**4/8 + 2*k**3/3 - 38*k**2. Determine g(4).
-8
Let u(r) = 2*r**3 - 4*r**2 + 3*r - 1. Let c be (8/(-5))/(8/(-20)). Suppose 2 = c*o - 6. Calculate u(o).
5
Let r be (21/(-21))/(2/(-16)). Let v(b) = -b**3 + 9*b**2 - 10*b + 11. Give v(r).
-5
Let p(y) = -4*y + 2. Let a(r) = 2*r + r + r - 3. Let j(o) = 3*a(o) + 4*p(o). Calculate j(1).
-5
Let s(f) = -30*f**2 - 2*f - 7. Let n(u) = 15*u**2 + u + 3. Let t(k) = 5*n(k) + 2*s(k). Give t(-1).
15
Let p(x) = 2*x - 5. Let v = -13 - -20. Give p(v).
9
Let c(n) = -n**2 - 11*n - 12. Let g be c(-9). Let j be 6/(-2) + g/2. Let h(w) = -4 - 6*w**2 + 4*w**2 + w**2. What is h(j)?
-4
Let c = -78 + 76. Let k(j) = 2*j**2 + 2*j. Calculate k(c).
4
Let a(z) = 2*z - 3. Let u(q) = -q + 1. Let i(l) = -3*a(l) - 7*u(l). Determine i(-2).
0
Let s(y) = 4*y - 1. Let l(o) = 2*o - 10. Let c(t) = t - 3. Let u(v) = -7*c(v) + 2*l(v). Let j(m) = -2*s(m) - 3*u(m). What is j(2)?
1
Let s(x) be the second derivative of x**5/20 + x**4/2 + 7*x**3/6 + 7*x**2/2 - x. Let f be 84/(-22) + (-2)/11. Let w = -9 - f. What is s(w)?
-3
Let j(x) = 1 - 5*x - 2*x + 0*x. Let p(i) = 6*i**2 - i. Let f be p(1). Suppose 2*h = f*b - 3, -b + 6*h = h + 4. What is j(b)?
-6
Let x be (1 - 4)*(-18)/27. Let z(k) = -k**2 - k + x*k**2 + 24 - 27. Determine z(0).
-3
Let s = 0 - 0. Suppose 0*m + 2*m = s. Let b(v) = -v**2 + 5. Let l(k) = -3*k**2 + 16. Let z(j) = -7*b(j) + 2*l(j). What is z(m)?
-3
Let n(u) = -u**2 - 1. Let r(p) = -p**2 - 7*p + 16. Let y be r(-9). Give n(y).
-5
Let f(y) be the third derivative of y**5/6 + y**3/6 - y**2. Determine f(1).
11
Suppose -3*b + q + 3 = 0, -4*q - 5 = -5*b + 7. Let o(i) be the second derivative of b + 1/6*i**3 - 1/2*i**2 + 2*i. Determine o(2).
1
Let f = 8 - 6. Let o be -2 + 3 - (-2 - 0). Let x(s) = 1 - o*s**2 - 2*s**f + 6*s**2 + 6*s. Determine x(-4).
-7
Let a(f) = 5*f**2 + 3*f - 1. Suppose 3*y - 2 = 4. Let b(i) = -3*i + 0*i**2 - 5*i**y + 4*i**2 - 3*i**2. Let r(s) = 3*a(s) + 4*b(s). Give r(-2).
-1
Suppose 4 = 5*c + i, 4*i = 2*c - 0*i - 6. Let f(o) = 4*o**2 - o. What is f(c)?
3
Suppose -v + 5 = 3. Let n(u) = 3 + 2*u**2 - 4 + 3 + v + 4*u. What is n(-3)?
10
Let q(x) = x**3 - 3*x**2 + 3*x - 1. Suppose -4*w + 7 = -t, -t - 19 = -4*w + 4*t. Suppose 6 = i + w. Suppose -i*g + 3 = -7. Calculate q(g).
1
Let o(a) be the first derivative of -a**3/3 - 3*a**2 + 9*a - 10. What is o(-7)?
2
Let j be ((-1)/(-1) - 0) + -2. Let w(x) = 3*x + 3. Let d(u) = 6*u + 5. Let k(i) = -6*d(i) + 10*w(i). Calculate k(j).
6
Let w(v) = 3*v - 20. Let i(s) = 2*s - 9. Let x(c) = 5*i(c) - 2*w(c). What is x(-4)?
-21
Let z(u) = u**3 - 4*u**2 - 4*u - 3. Let k be z(5). Let y = 27 - 27. Suppose -2*w = -4*t + 22, 5*t + k*w - 3 - 2 = y. Let s(b) = b**2 - 3*b + 4. Give s(t).
4
Let w(m) = -8*m - 1. Let k(f) = 17*f + 3. Let s(d) = -2*k(d) - 5*w(d). What is s(1)?
5
Let p be (8/12)/((-6)/27). Let j(d) = -d**2 - 3*d - 3. Let f be j(p). Let q be 13/3 + 1/f. Let l(t) = 2*t - 6. What is l(q)?
2
Let x be 8/(-40) + (-2)/(-8). Let i(w) be the third derivative of -1/120*w**6 + 0 + x*w**5 + 0*w - 1/24*w**4 + 1/3*w**3 - w**2. Determine i(3).
-1
Let v(c) = c**2 - 6*c - 3. Let a be v(6). Let m(n) = -4*n - 4. Calculate m(a).
8
Suppose 0 = 4*u - 4 - 4. Let w(i) = 0 - 6*i - u + 3*i**2 - 3 + 4 + i**3. Suppose 0 = -2*o - 7 - 1. What is w(o)?
7
Let f(p) = -p**2 - p + 1. Suppose 2*x - o + 23 = 0, 3*x = -o + 1 - 23. Let c(d) = -d**2 - 9*d + 2. Let k be c(x). Calculate f(k).
-5
Let g(t) = -t - 1. Suppose -4*i = -3*i. Suppose i = -3*s - 2*s. Give g(s).
-1
Let m(d) be the third derivative of d**4/24 + d*